+ 55. Let f be u(13). Suppose -f*w - 311 + 823 = -4*c, -c - 103 = -w. What is the units digit of w?
0
Suppose -5*p = -0*s - 3*s - 32, 0 = -3*p + 3*s + 18. Let x(c) = -8*c**2 - 2087*c**3 - 48*c + 39*c + 2089*c**3. What is the hundreds digit of x(p)?
2
Suppose 0 = -2*m + 5 - 1. Suppose 5*y + 22 = -m*f, -11 = -2*f + 3*f - 3*y. What is the units digit of (2*-3)/(1/f)?
6
Let i(w) be the first derivative of 18*w**3 + 4*w + 3/2*w**2 + 21. What is the units digit of i(-1)?
5
Suppose 36*y - 221170 = 2*y. What is the thousands digit of y?
6
Suppose -15*g + w - 194 = -14*g, -767 = 4*g - w. Let h = 415 + g. What is the hundreds digit of h?
2
Suppose -h = 4*r - 78387, 198726 = 4*h + 4*r - 114726. What is the ten thousands digit of h?
7
Suppose 5*z + 2*v - 94879 = 0, 32536 = 3*z - v - 24409. What is the hundreds digit of z?
9
Suppose 0 = -3*p + 5*b + 550, 3*p - 2*b + 176 = 4*p. Suppose 0 = -p*l + 178*l + 284. What is the tens digit of l?
4
Suppose 0 = 528*p - 517*p - 15796. What is the thousands digit of p?
1
What is the thousands digit of 7/3 + 93324/18 + -16?
5
Let t be -1 - (12 + 2/2). Suppose -i = 3*f - 191, 0 = -6*f + 2*f - 4*i + 252. Let s = f + t. What is the units digit of s?
0
What is the tens digit of 6/(2/(-2)) + 56175 + 387?
5
Let z(c) = -83*c - 1. Let r be z(5). Let m = r + 786. What is the tens digit of m?
7
Let t = 5 - 1. Suppose 5*x - 2*s = 1229, -6*x + x - t*s + 1247 = 0. What is the units digit of x?
7
Let v be ((-72)/(-120))/(2/10). Suppose -3*q - 40 = -5*p, -p + v*q + 8 = -0*p. Suppose -9*a + 107 = -p*a. What is the units digit of a?
7
Suppose -2*b - 3*b + 56 = 4*a, -4*b + 25 = a. Suppose 4*q + 5 = r, 10 = -a*q + 4*q + 2*r. What is the units digit of 4/(-18) + (q - (-2193)/27)?
1
Let i(v) = 14*v + 59. Suppose y + 34 = 51. Suppose 0 = -4*o + 15 + y. What is the hundreds digit of i(o)?
1
Let j = 506 + -246. Suppose 0 = -5*m + b - 0*b + 336, 0 = 4*m - 3*b - j. Suppose -s = 2*k - m, -4*s - 3*k - 2*k = -287. What is the units digit of s?
8
Suppose 0 = 101*b - 79*b - 118932. What is the hundreds digit of b?
4
Let r(c) = 2*c**2 - 2*c - 58. Let u be (-1)/4 - (-1320)/(-96). What is the hundreds digit of r(u)?
3
Suppose 2*x = -6*x + 928. Let n = x + -48. What is the tens digit of 4 + (-8)/4 + n?
7
Let k be ((-3)/4)/(2/(-8)). Let d = 5437 - 5432. Suppose -7*u + d*q - 237 = -8*u, -k*q + 1207 = 5*u. What is the hundreds digit of u?
2
Let y(z) = -2*z**3 + 10*z**2 + 12*z - 14. Suppose -5*j - 39 = 3*k, 3*j + 7*k - 2*k + 33 = 0. What is the tens digit of y(j)?
0
Suppose 14*f = 82245 + 462341. What is the thousands digit of f?
8
What is the hundreds digit of ((-187)/(-34))/(77/21)*506*40?
3
Suppose 4*n + 5*a - 8085 = 0, -2*n - 8*a + 4045 = -3*a. What is the thousands digit of n?
2
Let q(m) be the first derivative of 5*m**2/2 + 8*m + 6. Let n be q(0). Let h(o) = o**3 - 7*o**2 - o + 17. What is the units digit of h(n)?
3
Let l = 145 + -715. Let x = -327 - l. What is the tens digit of x?
4
Let i(w) = 23*w + 8. Let l be i(4). Let d = l - 54. Suppose 4*p - d = 4*h + 6, -p = 3*h + 7. What is the units digit of p?
8
Let x = -29607 + 50397. What is the tens digit of x?
9
Let q(y) = -953*y - 1268. What is the hundreds digit of q(-7)?
4
What is the thousands digit of ((-304)/(-228))/(19436/19428 + -1*1)?
3
Suppose -47*h = 80*h - 2974594. What is the thousands digit of h?
3
Let v(f) = -4*f**3 - 47*f**2 + 23*f - 97. What is the ten thousands digit of v(-28)?
5
Let y be (-4)/(-3) + (-450)/(-27). Let q be (-156)/81*-3 - (-4)/y. What is the units digit of 5*12/4*q?
0
What is the hundreds digit of (-31729)/(8 - (-306)/(-36))?
4
Suppose -4*d + 12 = 0, -7*n - 3*d = -4*n - 1323. Suppose o = -3, 3*x + 0*x - 2*o - n = 0. What is the tens digit of x?
4
Let i(f) = f**2 + 22*f + 2. Let x be i(-22). What is the tens digit of -3 - (-2 - 294*2/x)?
9
Suppose 34*v - 38*v = c - 14084, 5*v - 17620 = -5*c. What is the hundreds digit of v?
5
Let m(n) be the first derivative of n**2/2 - 2*n + 15. Let u be m(3). What is the units digit of 54 + (-3 - -8) + -3 + u?
7
Suppose -25773 = -3*a + 5*d - 6*d, -4*a - 3*d + 34374 = 0. What is the hundreds digit of a?
5
Suppose 23*o + 63117 - 166525 = 0. What is the tens digit of o?
9
Let t(u) = -u**3 + 34*u**2 + 15*u + 68. Let b be 3*(37/3 - 1). What is the units digit of t(b)?
8
Suppose v - 2*l = 6276, 0 = -11*v + 8*v + 2*l + 18828. What is the hundreds digit of v?
2
Let l(j) = 38*j**2 - 1968*j - 247. What is the thousands digit of l(70)?
8
Let q = -5383 + 7094. What is the thousands digit of q?
1
Let o = -273 + 468. Let l(s) = 4*s**2 - 32*s + 6. Let y be l(8). What is the units digit of 2 + o/y - 6/(-4)?
6
What is the units digit of (-170 - -169) + 1/(3/18645)?
4
Let m = -18402 - -30879. What is the thousands digit of m?
2
Let k = -49 - -43. Let d be 316/(-2)*((-22)/4 - k). Let a = 104 + d. What is the units digit of a?
5
What is the tens digit of (39173 - -74) + (5 - (0 - -2) - 3)?
4
Suppose 2*z - 4*j = 164, 0 = 2*z - 0*z - 5*j - 159. Let w = z + 562. What is the tens digit of w?
5
Let r = 1918 - 1940. Let n(s) = -s**3 + 3*s**2 + 4*s - 3. Let c be n(4). What is the tens digit of c/1 - ((0 - -5) + r)?
1
What is the units digit of (-2)/(-11) - ((-1995968)/143 - -7)?
1
Let x be 1 + 1 + (-7)/(-21)*33. Let k(u) = 8*u**2 - x*u**3 - 6*u + 12*u**3 + 3*u**2 - 1. What is the hundreds digit of k(8)?
1
Let c be 0 - 4 - (22 - 32). What is the tens digit of 78*(82/c - 6)?
9
Let m(s) be the third derivative of -s**5/60 - s**4/8 + 2*s**3 + 3*s**2. Let r be (-5)/(-20)*2*10/(-1). What is the units digit of m(r)?
2
Let j be ((1 + -4)/1)/((-1)/1507). Suppose 12*y - y = j. What is the units digit of y?
1
Suppose -4*p + 114 + 6 = 0. Let g be -2 - ((-3)/2 + p/(-20)). Suppose -4*x + g = -3, -5*h - x = -241. What is the tens digit of h?
4
Let k(j) = -84*j**3 + 7*j**2 + 24*j + 9. What is the thousands digit of k(-4)?
5
Let j(r) = -r**3 + r**2 + 8*r + 19077. What is the units digit of j(0)?
7
Let k = -382 + 782. Let y = -2141 + 2145. Suppose -y*z + k = z. What is the units digit of z?
0
Suppose 10089 = 3*k + 4*u, 3*u - 3368 = -6*k + 5*k. What is the hundreds digit of k?
3
Let j = -43 - -23. Let u = -13 - j. Suppose -173 = -u*b + 219. What is the units digit of b?
6
Let p(k) = 2*k**2 - 10*k + 11. Let r be p(4). Suppose 238 = 2*x + 2*q, -2*x - 5*q + 244 = -r. What is the units digit of x?
6
Suppose 2*p - 2*w = 66208, 0 = 4*p + 535*w - 533*w - 132428. What is the units digit of p?
6
Let b = -13198 + 20699. What is the thousands digit of b?
7
Let u(x) = -65*x - 40. Let d be u(-16). Let z = d + -124. What is the hundreds digit of z?
8
Let q = 10 + 18. Suppose 0 = -4*x + 2*v + 2*v + 20, 4*x - q = 2*v. What is the tens digit of (-6)/x*(-75)/2?
2
Let d = 181 + -49. Suppose -3*j + 32 = -0*v + 4*v, 5*v + j = 29. Suppose -v*h + 7*h = d. What is the units digit of h?
6
Let c be 18/((-300)/292 + 1). Let p = -462 - c. Suppose -6*x - 2*m + p = -3*x, 2*x - 3*m - 143 = 0. What is the tens digit of x?
6
Suppose -6*s + 3 + 9 = 0. Suppose 5*l + s*c + 3*c - 145 = 0, 115 = 4*l + 3*c. Let g = 35 - l. What is the units digit of g?
7
Let l(j) = -5*j**3 - 128*j**2 - 7*j + 56. What is the hundreds digit of l(-30)?
0
Let h(t) = -125*t - 65. Let a be h(-7). Suppose -a = -4*k + 418. What is the tens digit of k?
0
Suppose -5*a = -29*a. Let s(m) = -13*m + 1115. What is the units digit of s(a)?
5
Let g(d) = d**2 + 13*d + 16. Suppose 16 = -t - 4*x + 1, 25 = -2*t - 3*x. Let s be g(t). What is the units digit of (-12)/(s*3/60)?
0
Suppose -3*f = -3*u + 1140, 132*u + 1530 = 136*u + f. What is the hundreds digit of u?
3
Let i = -70 - -114. Let r = i - 42. What is the tens digit of r*((-10)/(-8) - 1)*36?
1
Suppose 0 = 4*l + a - 1873 - 5950, 5*a + 25 = 0. Let k = -413 + l. What is the tens digit of k?
4
Suppose -4*l = -5*l - 5*u - 1102, l - u = -1078. Let z = l + 2278. What is the tens digit of z?
9
Let i = 43 + -39. Suppose -2*z + i*z = 546. Suppose -4*q + z = -q. What is the tens digit of q?
9
Suppose 0 = 4*b - 11 - 41. Suppose 38 = 4*w + 2*l, 5*w - 42 = -4*l + b. What is the tens digit of ((-3)/(-15))/(w/6335)?
8
Suppose -23*i + 1223138 = 14*i + 12*i. What is the units digit of i?
2
Let y(r) = 186*r + 18. Let z(b) = -4*b**3 - 4*b**2 - 3*b. Let v be z(-1). What is the tens digit of y(v)?
7
Suppose 5*o + s - 